alculate the highest common factor of 122607 and 63.
9
What is the greatest common factor of 27921 and 123?
123
Calculate the highest common factor of 699000 and 20500.
500
What is the highest common factor of 108164 and 1043?
7
Calculate the highest common factor of 133743 and 4251.
327
What is the highest common factor of 60587 and 271937?
1409
Calculate the highest common factor of 6885 and 2484.
27
Calculate the greatest common divisor of 578171 and 209.
11
What is the greatest common factor of 10912 and 66?
22
What is the greatest common divisor of 1863 and 184851?
207
Calculate the greatest common factor of 29 and 267496.
29
What is the highest common divisor of 3525 and 5781?
141
What is the highest common factor of 92 and 60076?
92
What is the greatest common factor of 6 and 19713?
3
What is the greatest common factor of 494 and 43862?
26
Calculate the highest common factor of 37 and 3446846.
37
What is the highest common factor of 1343 and 474790?
79
Calculate the highest common factor of 188 and 115714.
94
Calculate the greatest common divisor of 382175 and 100.
25
What is the greatest common divisor of 14 and 2223396?
14
What is the highest common divisor of 190819 and 13236?
1103
Calculate the highest common divisor of 31005 and 180.
45
What is the highest common factor of 491862 and 378?
42
What is the greatest common factor of 18 and 943821?
9
Calculate the greatest common divisor of 15776 and 1624.
232
Calculate the greatest common divisor of 8820 and 44940.
420
Calculate the highest common divisor of 1938 and 32.
2
Calculate the greatest common factor of 29757 and 441.
21
Calculate the greatest common factor of 48 and 4260.
12
Calculate the highest common divisor of 1155 and 18095.
385
Calculate the greatest common factor of 78 and 138.
6
Calculate the greatest common factor of 55336 and 384.
8
What is the greatest common divisor of 49 and 4529?
7
Calculate the highest common factor of 5293 and 8509.
67
What is the greatest common divisor of 12499 and 261?
29
What is the greatest common divisor of 235968 and 12?
12
Calculate the greatest common factor of 1303798 and 496.
62
Calculate the highest common divisor of 248 and 12322004.
124
What is the greatest common divisor of 117 and 153?
9
Calculate the highest common divisor of 513 and 188379.
27
Calculate the highest common divisor of 50901 and 5776.
361
Calculate the greatest common factor of 196 and 1682.
2
What is the highest common factor of 19519 and 131?
131
Calculate the greatest common divisor of 2193 and 4845.
51
Calculate the highest common divisor of 12936 and 1983912.
1176
What is the highest common divisor of 80 and 31340?
20
Calculate the greatest common factor of 266 and 2014.
38
What is the highest common divisor of 19647 and 207?
9
Calculate the highest common divisor of 200 and 560200.
200
Calculate the greatest common factor of 261661 and 2120.
53
Calculate the highest common factor of 75530 and 2145.
65
Calculate the highest common divisor of 2413 and 31502.
19
What is the greatest common divisor of 14 and 1905946?
14
Calculate the highest common divisor of 14570 and 146320.
310
Calculate the highest common factor of 33194 and 322.
14
Calculate the highest common factor of 163680 and 1540.
220
Calculate the highest common divisor of 1158 and 783966.
1158
Calculate the greatest common divisor of 733 and 2138161.
733
Calculate the highest common factor of 5 and 13960.
5
What is the highest common factor of 804416 and 256?
64
What is the highest common factor of 1031775 and 150?
75
What is the highest common divisor of 15225696 and 48?
48
What is the greatest common divisor of 254422 and 476?
238
Calculate the highest common factor of 1200 and 18.
6
What is the highest common factor of 99 and 153681?
33
Calculate the greatest common divisor of 155 and 2815.
5
What is the highest common divisor of 18252 and 1716?
156
Calculate the greatest common divisor of 132381 and 243.
27
Calculate the greatest common factor of 207 and 9936759.
69
What is the greatest common divisor of 673260 and 70?
70
What is the greatest common factor of 25334544 and 48?
48
Calculate the highest common divisor of 200 and 36100.
100
Calculate the highest common divisor of 109 and 2201582.
109
Calculate the greatest common divisor of 7667 and 4059.
451
What is the greatest common divisor of 5967 and 689?
13
Calculate the greatest common factor of 80664 and 6.
6
What is the greatest common factor of 1952 and 536?
8
Calculate the greatest common divisor of 48 and 76312.
8
Calculate the greatest common divisor of 16590 and 4582.
158
What is the highest common divisor of 8866 and 1017172?
806
What is the highest common factor of 39 and 17004?
39
Calculate the highest common factor of 17 and 2787048.
17
What is the greatest common divisor of 5217 and 18167?
37
Calculate the greatest common divisor of 123 and 127879.
41
Calculate the highest common divisor of 322 and 101499.
23
Calculate the greatest common factor of 13300 and 12825.
475
What is the greatest common divisor of 889 and 33147?
127
Calculate the greatest common factor of 391 and 65977.
17
What is the greatest common divisor of 1116 and 70711?
31
Calculate the greatest common divisor of 504703 and 569.
569
What is the greatest common factor of 7368 and 600?
24
Calculate the greatest common divisor of 576 and 28691136.
576
What is the greatest common divisor of 78 and 113178?
78
What is the highest common factor of 6 and 7914?
6
Calculate the greatest common factor of 78465 and 54.
3
Calculate the highest common divisor of 17902 and 32.
2
Calculate the greatest common factor of 79989 and 2457.
273
What is the highest common divisor of 166 and 531698?
166
What is the highest common divisor of 35728 and 440?
88
Calculate the highest common divisor of 63 and 1512945.
63
Calculate the highest common divisor of 2184 and 232.
8
Calculate the greatest common divisor of 340 and 885904.
68
What is the highest common factor of 108 and 548640?
108
Calculate the highest common divisor of 116262 and 486.
54
Calculate the greatest common factor of 452609 and 7024.
439
Calculate the greatest common factor of 14496 and 152.
8
What is the highest common divisor of 113 and 54466?
113
What is the highest common divisor of 30 and 108620?
10
What is the greatest common divisor of 75 and 72325?
25
What is the highest common divisor of 312 and 59?
1
Calculate the greatest common factor of 2560264 and 349.
349
Calculate the highest common divisor of 101318 and 14.
14
Calculate the greatest common factor of 1127 and 117551.
49
Calculate the greatest common divisor of 135 and 160155.
45
Calculate the greatest common divisor of 1170 and 53469.
117
What is the greatest common divisor of 98945 and 1155?
385
Calculate the greatest common divisor of 343920 and 48.
48
What is the highest common divisor of 5916 and 3596?
116
Calculate the greatest common factor of 1875 and 93.
3
Calculate the highest common factor of 62746 and 274.
274
Calculate the highest common factor of 33480 and 27.
27
Calculate the greatest common factor of 408 and 9642.
6
What is the greatest common divisor of 64 and 183360?
64
Calculate the greatest common divisor of 865623 and 255.
51
Calculate the highest common divisor of 353728 and 20.
4
What is the highest common factor of 5117 and 173677?
301
What is the highest common factor of 18670 and 256?
2
Calculate the greatest common divisor of 3405 and 11700.
15
What is the highest common factor of 14 and 792946?
14
Calculate the highest common factor of 22 and 3331218.
22
Calculate the highest common divisor of 2368 and 32.
32
What is the highest common factor of 3048 and 1397?
127
What is the highest common factor of 11223 and 186615?
261
What is the highest common divisor of 56 and 23272?
8
What is the greatest common divisor of 450534 and 1785?
357
What is the greatest common factor of 23810 and 90?
10
Calculate the greatest common factor of 38100 and 825.
75
Calculate the greatest common factor of 38028 and 138.
6
What is the greatest common factor of 9855 and 876?
219
What is the highest common factor of 5896 and 192424?
536
Calculate the highest common divisor of 30 and 2827245.
15
Calculate the greatest common factor of 18 and 11403